ded by 8.
6
Let h(q) = 48*q - 2972. What is the remainder when h(68) is divided by -3*(-10)/(-45)*-147?
96
Let x(j) = 56*j**2 + j - 3. Let s be x(1). Let q = s + -45. Let r = 36 + 8. What is the remainder when r is divided by q?
8
Let n = 11314 - 11191. Suppose k = 4*z + 25, 0*z = 3*k - 3*z - 75. Calculate the remainder when n is divided by k.
23
Let i = -2982 + 2994. Calculate the remainder when 4689 is divided by i.
9
Suppose 16*x + 2 = 18*x. Suppose 5*k + 2*c - 25 = 0, 4*k = -5*c + x + 19. Suppose 6*l - 17 = k*l. Calculate the remainder when 63 is divided by l.
12
Suppose 4*i - 3717 = d, i - 4*d - 1173 = -255. Calculate the remainder when i is divided by 305.
15
Let z(b) be the second derivative of -5*b**3/6 + 100*b**2 + 14*b. Calculate the remainder when z(14) is divided by 34.
28
Let l = -576 + 584. What is the remainder when 230/12 - 8/48 is divided by l?
3
Calculate the remainder when 302 is divided by (-14)/(-14)*-11 + 116/4.
14
Let n = 20 - 8. Let u(j) = j**3 + 17*j**2 - 18*j + 19. Let w(c) = -c**2 + c + 1. Let t(m) = u(m) + 4*w(m). What is the remainder when t(-14) is divided by n?
11
Let o(a) = -115*a - 11. Let c(z) = -z + 2. Let j(g) = 2*c(g) - o(g). Calculate the remainder when j(3) is divided by 17.
14
Let c be 6 + (-21)/(-14)*26. What is the remainder when 239 is divided by c/12*(-128)/(-6)?
79
Suppose 5*w + u = 83, w - 6*u = -10*u + 28. What is the remainder when 92 is divided by w?
12
Suppose -63*p = -58*p - 20. Calculate the remainder when 32 is divided by 18 + (6 - p - 8).
8
Let h(v) = -v**2 - 13*v - 33. Let y be h(-4). Suppose -y*f - 141 + 534 = 0. Calculate the remainder when f is divided by 12.
11
Let v(x) = 3*x**2 - 1743*x - 1743. Let h(j) = j**2 - j - 3. Let n be h(3). Suppose -6*q + 66 = -n*q. Calculate the remainder when q is divided by v(-1).
1
Suppose 0 = 4*p - 5*p + 26. Suppose 5*j = -14*u + 13*u + 387, -j = 4*u - 85. Calculate the remainder when j is divided by p.
25
Let t(v) = -v**3 + 7*v + 20. Suppose z - 190 = -5*j, 2*j + z = 70 + 9. Calculate the remainder when t(-5) is divided by j.
36
Let w be (-16)/(-104) + 708/(-39). Let n = 27 + w. Let x(l) = 3*l**2 + 5. What is the remainder when x(3) is divided by n?
5
Let c(j) = -j**3 + 15*j**2 + 20*j - 172. Calculate the remainder when c(15) is divided by 66.
62
Suppose -5*j - 2 - 6 = -c, -4*c + 5*j + 92 = 0. Let x(w) = w**3 + 9*w**2 + 28*w + 67. Calculate the remainder when c is divided by x(-6).
0
Let h(k) = k**3 - 8*k**2 - 2*k - 1. Let d be h(9). Let s = 87 - d. Suppose -29 = -4*r - n, 3*r - 9 = 4*n - 9*n. What is the remainder when s is divided by r?
1
Suppose -429 = 364*j - 367*j. Calculate the remainder when j is divided by -24*4/(-4)*1.
23
Let q(u) = 20*u**2 + 168*u - 62. Calculate the remainder when 587 is divided by q(-9).
35
Suppose -5*m + 256 = 4*x, -x = 335 - 339. Calculate the remainder when 214 is divided by m.
22
Suppose o = 2*o + 83. Let r = o + 96. Suppose 5*t + 84 = 4*v - 57, 0 = -2*v + 3*t + 71. What is the remainder when v is divided by r?
8
Suppose -3756*y + 3798*y - 92358 = 0. Calculate the remainder when y is divided by 22.
21
Let i(z) = 89*z - 251. What is the remainder when 87 is divided by i(3)?
7
Let l = -24 + 27. Suppose -4*m + 96 = 4*c, -140 = -5*c + l*m + 2*m. Let r(x) = x**2 + 7*x + 2. Calculate the remainder when c is divided by r(-8).
6
Suppose 106*s = 3*q + 107*s - 2600, -5*s = -5*q + 4280. Calculate the remainder when 879 is divided by q.
15
Calculate the remainder when 392 is divided by ((-2250)/(-4125))/(2/44).
8
Let z = 13806 - 13627. What is the remainder when z is divided by 24?
11
Suppose -s + 2*j = -19, -65 = -4*s + 5*j + 8. Suppose -11*w - 10880 = 6*w. What is the remainder when (18/(-15))/(24/w) is divided by s?
15
Suppose -128*k + 849 = -107*k - 7341. Calculate the remainder when k is divided by 74.
20
Suppose -256*w + 16297 + 11857 = -2822. What is the remainder when w is divided by 85?
36
Calculate the remainder when 3914 is divided by (-186)/(-1116) + (-4)/((-48)/23398).
14
Let r(c) = 222*c - 1602. Calculate the remainder when r(11) is divided by 208.
8
Let f = -83 - -88. Suppose -11*d - 4*p + 356 = -7*d, 93 = d + f*p. Calculate the remainder when d is divided by 26.
10
Let o(i) = -i**3 - 2*i**2 + 6*i - 5. Let a be o(-4). Suppose 17 = a*d - 40. Calculate the remainder when (33/22)/((-3)/4) + 69 is divided by d.
10
Let n = -16003 - -16119. Calculate the remainder when 401 is divided by n.
53
What is the remainder when (35/(-15))/(16/(-720)) is divided by 95?
10
Let w = 6957 + -6427. What is the remainder when w is divided by 141?
107
What is the remainder when (-2)/6 + (-584)/(-6) is divided by (8100/5265)/((-2)/(-26))?
17
Let w = -676 - -732. Let f be 51 - (-1 + 4)/1. Let z = 67 - f. Calculate the remainder when w is divided by z.
18
What is the remainder when (334/(-1))/(20/(-110)) is divided by 46?
43
Let j = 8786 - 7077. Calculate the remainder when j is divided by 35.
29
Suppose 3177 = 10*t - 243. Suppose -6*i + t = -i - 2*r, 2*i - 4*r = 140. Let a = i - 23. What is the remainder when a is divided by 10?
5
Let s(v) = -13*v**3 - v**2 + 2*v + 2. Let m be s(-1). Let o be ((-28)/m)/7 - (-10)/3. Suppose 5*g = o*g + 54. Calculate the remainder when g is divided by 5.
2
Suppose -4*m + q + 3619 = 0, m - 3*q = 775 + 138. What is the remainder when m is divided by 244?
172
What is the remainder when 5746 is divided by (-6 - -9) + -3 - -23?
19
Suppose -121440 = 256*d - 311*d. What is the remainder when d is divided by 47?
46
Suppose 33 = 4*u - 139. Let r = u + -39. Suppose 0 = r*j - h - 209, 0*j - j + 56 = h. What is the remainder when j is divided by 28?
25
Suppose 105*v - 64635 = -65*v + 15*v. What is the remainder when v is divided by 65?
27
Suppose -d - 3*w + 16 = 0, 428 - 374 = 3*d + 3*w. Calculate the remainder when 5736 is divided by d.
17
Let j = 10884 + -10853. What is the remainder when 186 is divided by j?
0
Let r be 0 - 28/7 - 2*5. Calculate the remainder when 41 is divided by r*(3 + (-72)/16).
20
Let c = 7 + -12. Suppose -6*o - 18 = 0, -3*r + 56*o + 62*o - 122*o = -153. What is the remainder when r is divided by ((-21)/(-5))/((-1)/c)?
13
What is the remainder when 2/(-13) + ((-27050)/(-65) - 7) is divided by 137?
135
Suppose m = -4*m + 1130. Suppose 2*r - 153 = -b, -m = -3*r - 55*b + 57*b. What is the remainder when r is divided by 17?
8
Suppose -9*w + 111 = -150. Suppose -5*p + 584 = -4*h, 3*p - 3*h = 357 - 3. Calculate the remainder when p is divided by w.
25
Let c(p) = -11*p - 19. Suppose 0 = 2*m - u + 6, 3*u + 20 = -2*m - 2. Let v be c(m). Calculate the remainder when 6/v - (-898)/12 is divided by 26.
23
Suppose -23*q + 1125 = -8*q. Calculate the remainder when 192 is divided by (-5)/(q/(-531)) - (-20)/(-50).
17
Let n = 1129 + -200. Let i = -920 + n. Calculate the remainder when 275 is divided by i.
5
Let g be (-176)/44 + (-2366)/4*-4. Let x(c) = 6 - g*c - 3 + 2358*c. What is the remainder when x(-16) is divided by 17?
16
Suppose -4 + 13 = 3*q. Suppose m = 2*m - 3*x, q*m + x = 40. Calculate the remainder when (24 + -4 - -4) + -3 is divided by m.
9
Suppose 0 = 2*g + g - 54. Let p(m) = 74*m - 44. What is the remainder when p(1) is divided by g?
12
Let r(w) = 3*w**2 + 5*w + 4. What is the remainder when r(-4) is divided by (-15)/(-1) - (-32)/(-8)?
10
Suppose -11*u + 260 = 26*u - 11*u. Calculate the remainder when 367 is divided by u.
7
Let h(m) = 4*m**2 - 41. Let n be h(-8). Suppose x - 8*k - 50 = -3*k, -4*x = -5*k - n. What is the remainder when x is divided by 29?
26
Suppose -z - 171 = -5*h + 363, -3*h - 4*z + 279 = 0. Calculate the remainder when 2132 is divided by h.
32
Let n be (65/26)/((-4)/(-8)). Suppose 5*t - 2*d = 176, 0 = 2*t - n*d - 13 - 49. Calculate the remainder when 1 + 101 + 2 + -1 is divided by t.
31
Calculate the remainder when 2494 is divided by 6*21/(-36)*(-104)/14.
24
Let w(c) = 28*c**3 + 3*c - 2. Let z be w(1). Let l = z - 24. Suppose l*o - o = y + 78, 3*o = 3*y + 54. Calculate the remainder when o is divided by 7.
6
Suppose -68*u = -16*u - 16*u - 21348. What is the remainder when u is divided by 327?
266
Let k = 3811 - 3021. Calculate the remainder when k is divided by 60.
10
Suppose 6*k = 9 + 63. Let o(z) = 77*z + 28. Let h be o(k). Suppose 7*p = -p + h. Calculate the remainder when p 